1/(-4)*-4)/(-1). Let y be (4/k)/(-4 + (-27)/(-6)). What are the prime factors of (y - (-5 - -1)) + 129?
5
Let t = -371 + 407. List the prime factors of (-4 + 24/t)*(-312)/5.
2, 13
Let h(c) = 107*c**2 - 467*c + 33. List the prime factors of h(16).
3, 739
Suppose 134*q = 142*q - 24. Suppose -5751 = -5*v - 4*m, q*v - 11*m - 3454 = -10*m. What are the prime factors of v?
1151
Let o(f) = 2*f**3 - 2*f**2 - 2 + 5*f**2 - 3*f**2 - 3*f**2 + 3*f. Let x be o(4). List the prime factors of ((-24)/(-72))/(2/x).
3, 5
Let a(q) = 19*q**3 + 10*q**2 - 105*q + 44. List the prime factors of a(8).
2, 2393
Let i(q) = 4*q**2 + 3*q + 2. Let s be ((-18)/4)/((-1)/(-18)). Let f = 87 + s. List the prime factors of i(f).
2, 41
Suppose -40*x + 130687 = -112593. What are the prime factors of x?
2, 3041
Let t(g) = 72*g**2 - 144*g - 23. List the prime factors of t(11).
5, 7, 29
Let t = 8 + -6. Suppose -s + 25 = 3*x + 2, -5*x + 9 = -t*s. List the prime factors of (-10 + s)/(4/(-330)).
3, 5, 11
Suppose -41120 = -2*w + 2*a, 150*a + 41126 = 2*w + 147*a. List the prime factors of w.
2, 43, 239
Suppose -8 - 7 = 5*v. Let d(n) be the third derivative of -n**6/120 - n**5/60 - 5*n**4/24 + n**3/3 - 26*n**2. List the prime factors of d(v).
5, 7
Suppose -1516 = -14*j + 13*j. What are the prime factors of j?
2, 379
Let g be 1/(-1)*-3 - (-21 - 1). Suppose 0 = -4*m - 4*r - g + 9, 0 = -2*m - r - 13. List the prime factors of ((-2997)/6)/m*2.
3, 37
Let g(d) = 4*d - 35. Let t be g(9). Let h be (113/t)/1*(-15 + 13). Let j = -139 - h. List the prime factors of j.
3, 29
Let c be (3/5 - 1/5)*5. Let v(l) = 5*l**2 - 5*l - 2. Let s be v(c). Suppose 21*p - s*p - 351 = 0. List the prime factors of p.
3
Let i = 1365 + -534. Suppose 4*w - i = 1489. What are the prime factors of w?
2, 5, 29
Let q(x) = -x**3 - 21*x**2 - 34*x - 38. Let u be q(-19). Suppose -3*f + 779 = -2*l + 6*l, -2*f = -2*l - 510. Let k = u + f. What are the prime factors of k?
11, 13
List the prime factors of 7446 + -7 - 6 - 10.
13, 571
Let y(o) = 93*o**2 - 76*o + 1097. What are the prime factors of y(17)?
2, 3, 4447
List the prime factors of 107217/7 + (-6)/(-70) + (-5)/(-25).
17, 53
Suppose -103*h = -109*h + 1398. Let v = -13 + h. What are the prime factors of v?
2, 5, 11
Let v(w) be the first derivative of 7*w**3/3 + 3*w**2 - w - 24. Let y = 26 - 31. List the prime factors of v(y).
2, 3
Suppose -3*v + 5*h + 6637 = 0, 2*v + 5*h - 4420 = 6*h. List the prime factors of v.
47
Let w = 52 + -46. Let l be 3/((-9)/1) - (-134)/w. Suppose -24*y = -l*y - 158. List the prime factors of y.
79
Let j(g) = g**2 + 1. Let d(y) = 5*y**2 + 4*y + 6. Let f(t) = 2*t - 4. Let x be f(5). Let u(h) = x*j(h) - d(h). What are the prime factors of u(-3)?
3, 7
Let u be 0 + (1 - 2 - (5 - 0)). Let i(c) be the second derivative of c**4/4 - 5*c**3/6 - 13*c**2/2 - 12*c. What are the prime factors of i(u)?
5
Let x be (5/15)/((-1)/(-3)). Suppose -5*l - 4*c + x = -5, l - 2*c - 4 = 0. Suppose -3*s + 26 = -l*s. List the prime factors of s.
2, 13
Suppose 1899 = d - 471. List the prime factors of d/3 - 5*(-4)/(-20).
3, 263
Let w be -2*(22/(-4) + 3). Suppose -5*i + 585 = -w*p, 5*i - 573 = -4*p + 3*p. Let j = i - 77. List the prime factors of j.
2, 19
Let m be (828/(-24))/((-9)/78). Suppose -2*w - 4*f + 1315 = -m, -3975 = -5*w + 2*f. What are the prime factors of w?
797
Suppose 0 = l + 5*n + 19, 0 = -5*l - n + 2*n - 17. Let t be -3*l/78 - (-189)/39. Suppose -t*o + 330 = 5*u, -269 = -0*o - 4*o - 3*u. List the prime factors of o.
71
Suppose 894*i + 4*t + 7417 = 895*i, 4*i = -5*t + 29563. What are the prime factors of i?
13, 569
Let m(c) = -3*c - 2. Let f be m(-4). Let w = f - 7. Suppose w*r + 0*r - 135 = 0. What are the prime factors of r?
3, 5
Let l be (34/10 + -3)*5. Suppose -l*p - 24 = -16. Let d(w) = -18*w + 10. List the prime factors of d(p).
2, 41
Suppose 0 = 4*g + 4*g + 5*g - 39208. List the prime factors of g.
2, 13, 29
Let d(l) = 7*l**2 + 70*l + 29 + 42*l - 122*l. List the prime factors of d(9).
2, 11, 23
Let z(c) be the first derivative of 0 + 15*c - 13*c**2 - 1 + 0 - 54*c. What are the prime factors of z(-9)?
3, 5, 13
Let k be 4644 - ((7 - 2) + 3). Suppose -4 = -5*x + 3*x, -2*x - k = -5*d. List the prime factors of d.
2, 29
Suppose -140*r + 141*r = -v + 30740, 3*r - 4*v - 92178 = 0. List the prime factors of r.
2, 11, 127
Let h(w) be the first derivative of -w**4/4 + 9*w**3 + 29*w**2/2 - 42*w + 25. List the prime factors of h(27).
3, 13, 19
Let d(y) be the second derivative of y**4/12 + 8*y**3/3 + 9*y**2 + 107*y. Let z be (38/8)/(2/(-8)). List the prime factors of d(z).
3, 5
Let i(m) = m**3 - 9*m**2 + 6*m - 4. Let t be i(11). Let k = -155 + t. List the prime factors of k.
149
Let y(n) = 252 - 17*n - 21*n - 5 + 5*n**2 + 4*n + 7*n. List the prime factors of y(13).
3, 13, 19
Let u(g) = -g**3 - 19*g**2 - 24*g + 57. Let m be 1/(-7 - -6)*19. List the prime factors of u(m).
3, 19
Let m(p) = p - 7. Let h be m(9). Suppose -h*z - 20 = -7*z, 36 = 5*t - z. What are the prime factors of ((-2)/3)/(t/(-1584))?
2, 3, 11
List the prime factors of (-25)/((27/(-831))/9).
5, 277
Let v = 45 + -41. List the prime factors of (26 - -1919)/(10/v).
2, 389
Let n be 3 + ((-3)/3 - -2). Let i = -59 + 167. Suppose -n*d - i = -7*d. What are the prime factors of d?
2, 3
Let p be 865/173*(-178)/(-5). Suppose 2*i + 2*i - 312 = 0. Let j = p - i. List the prime factors of j.
2, 5
Let r(u) be the second derivative of -u**4/12 + u**3/2 + 9*u**2/2 - 7*u. Let p be r(5). List the prime factors of p + 145 + -1*(-3 + 4).
11, 13
Suppose -8*c - 4*x = -510568, 0 = 2*c + 5*x - 180842 + 53224. List the prime factors of c.
2, 3989
Suppose 99702 - 35120 = 14*z. Suppose 1222 = 15*h - z. What are the prime factors of h?
389
Suppose -5*o + 15 = 0, -6*h + 4*o = -2*h + 4136. Let m = h - -2003. List the prime factors of m.
2, 3
Let x = 38 + -30. Let p(u) = -5*u**3 + 2*u**2 - 18*u + 11. Let c(r) = -3*r**3 + r**2 - 12*r + 7. Let m(a) = x*c(a) - 5*p(a). List the prime factors of m(4).
3
Suppose -14*o - 97*o = -2*o - 1764274. What are the prime factors of o?
2, 8093
Let u(l) = 14*l**2 - 3*l + 22. Let w = -325 + 334. List the prime factors of u(w).
1129
What are the prime factors of ((-3)/(-12))/((-15)/(-11614080)*16)?
2, 23, 263
Let f(n) = -39*n - 25. Let s be f(-10). Let d = -157 + s. Let b = -135 + d. What are the prime factors of b?
73
Let f = 940 + -1606. Let s = f - -1114. What are the prime factors of s?
2, 7
Let q(h) = 11*h + 14. Let u be q(-2). What are the prime factors of ((-16)/(-3))/u + (-3466)/(-6)?
577
Suppose o + 3*o - 246444 + 84248 = 0. What are the prime factors of o?
23, 41, 43
Let q be (-4 + 78/18)*-15. What are the prime factors of (((-15)/(-6))/q)/((-8)/3648)?
2, 3, 19
Let y be 17 - ((-10)/50 - (-28)/(-10)). Let u be y*-1*(-1)/4. Suppose -147 = -u*f - 4*k, -3*k = f - 3 - 33. What are the prime factors of f?
3
Suppose 21*z + 2219825 = 121*z - 715875. List the prime factors of z.
31, 947
List the prime factors of (-88)/(-44) + -2 + 20971 + 3.
2, 10487
Suppose 4*k - 20 = 60. Let p be (32/k)/(-4) + (-32)/20. List the prime factors of (-237)/p - (-6)/(-12).
2, 59
Let o = 2874 - 1534. Suppose 0 = -78*m + 83*m - o. List the prime factors of m.
2, 67
Suppose 5*l = 2*f - 11338, 68*f + 22666 = 72*f - 5*l. What are the prime factors of f?
2, 3, 59
Let o = 250 - 107. Suppose -o = -4*h + 1073. What are the prime factors of h?
2, 19
Suppose 4*j - 5*s - 17104 - 63454 = 0, -5*s = 4*j - 80498. What are the prime factors of j?
2, 7, 719
Let g(r) = 4*r**2 - 7*r - 3. Let c be g(9). Let h = -486 - -1150. Suppose -2*j = -3*i - c, -5*j - 4*i + h = -2*i. List the prime factors of j.
2, 3, 11
Suppose 14*z + 11248 = 21684 + 32474. What are the prime factors of z?
5, 613
Let i be (4/5)/(6/1005). Let w be 1 + i + -3 + -3 + 5. Suppose w = 2*b - p, 0 = -b - 2*b - p + 206. List the prime factors of b.
2, 17
Suppose 0*l + 24 = 8*l. Suppose -17 = 2*d - 5*d - 5*p, -l*p - 13 = -4*d. Suppose 3*h + d = 136. What are the prime factors of h?
2, 11
Let p(z) = 13*z**2 - 10. Let i(t) = -27*t**2 + 21. Let q = 30 - 21. Let w(x) = q*p(x) + 4*i(x). List the prime factors of w(-2).
2, 3, 5
Suppose -3*g = -12, 2936*g - 183392 = -3*z + 2937*g. List the prime factors of z.
2, 17, 29, 31
Let a(s) = 947*s**3 - s**2 + 7*s - 7. Let u(c) = 2*c**3 + 41*c**2 - 2